{"id":1220,"date":"2020-08-31T12:28:35","date_gmt":"2020-08-31T11:28:35","guid":{"rendered":"https:\/\/eglise-evangeliquedesaintes.com\/?page_id=1220"},"modified":"2024-02-02T15:31:20","modified_gmt":"2024-02-02T14:31:20","slug":"soutenir-nos-actions","status":"publish","type":"page","link":"https:\/\/eglise-evangeliquedesaintes.com\/?page_id=1220","title":{"rendered":"Soutenir nos actions"},"content":{"rendered":"\n<div class=\"wp-block-group alignfull has-huge-padding has-black-color has-background-background-color has-text-color has-background\"><div class=\"wp-block-group__inner-container is-layout-flow wp-block-group-is-layout-flow\">\n<div class=\"wp-block-jetpack-layout-grid alignfull column1-desktop-grid__span-10 column1-desktop-grid__start-2 column1-desktop-grid__row-1 column1-tablet-grid__span-8 column1-tablet-grid__row-1 column1-mobile-grid__span-4 column1-mobile-grid__row-1\">\n<div class=\"wp-block-jetpack-layout-grid-column wp-block-jetpack-layout-grid__padding-none\">\n<h1 class=\"wp-block-heading has-text-align-center\">L&rsquo;Eglise est un lieu de partage spirituel mais \u00e9galement humanitaire.<\/h1>\n<\/div>\n<\/div>\n\n\n\n<p class=\"has-text-align-center has-larger-font-size wp-block-paragraph\">Nous avons besoins de vous pour soutenir les 4 aspects pr\u00e9sent\u00e9s ici. <\/p>\n\n\n\n<p class=\"has-text-align-center has-large-font-size wp-block-paragraph\">VOS DONS SONT D\u00c9DUCTIBLES DE VOS IMP\u00d4TS<\/p>\n\n\n\n<p class=\"has-normal-font-size wp-block-paragraph\">Pour nous aider financi\u00e8rement rien de plus simple, cliquer simplement sur l&rsquo;icone et pour aider en donnant de votre temps et\/ou en dons mat\u00e9riels, prenez contact <a href=\"mailto:addsaintes.eglise@gmail.com\" target=\"_blank\" rel=\"noreferrer noopener\">addsaintes.eglise@gmail.com<\/a><\/p>\n<\/div><\/div>\n\n\n\n<div class=\"wp-block-group alignfull\"><div class=\"wp-block-group__inner-container is-layout-flow wp-block-group-is-layout-flow\">\n<div class=\"wp-block-group alignfull\"><div class=\"wp-block-group__inner-container is-layout-flow wp-block-group-is-layout-flow\">\n<div class=\"wp-block-jetpack-layout-grid alignfull column1-desktop-grid__span-3 column1-desktop-grid__row-1 column2-desktop-grid__span-3 column2-desktop-grid__start-4 column2-desktop-grid__row-1 column3-desktop-grid__span-3 column3-desktop-grid__start-7 column3-desktop-grid__row-1 column4-desktop-grid__span-3 column4-desktop-grid__start-10 column4-desktop-grid__row-1 column1-tablet-grid__span-4 column1-tablet-grid__row-1 column2-tablet-grid__span-4 column2-tablet-grid__start-5 column2-tablet-grid__row-1 column3-tablet-grid__span-4 column3-tablet-grid__row-2 column4-tablet-grid__span-4 column4-tablet-grid__start-5 column4-tablet-grid__row-2 column1-mobile-grid__span-4 column1-mobile-grid__row-1 column2-mobile-grid__span-4 column2-mobile-grid__row-2 column3-mobile-grid__span-4 column3-mobile-grid__row-3 column4-mobile-grid__span-4 column4-mobile-grid__row-4\">\n<div class=\"wp-block-jetpack-layout-grid-column wp-block-jetpack-layout-grid__padding-large\">\n<figure class=\"wp-block-image size-large is-resized\"><img data-recalc-dims=\"1\" loading=\"lazy\" decoding=\"async\" width=\"500\" height=\"500\" data-attachment-id=\"1098\" data-permalink=\"https:\/\/eglise-evangeliquedesaintes.com\/?attachment_id=1098\" data-orig-file=\"https:\/\/i0.wp.com\/eglise-evangeliquedesaintes.com\/wp-content\/uploads\/2020\/08\/logo-eglise.png?fit=500%2C500&amp;ssl=1\" data-orig-size=\"500,500\" data-comments-opened=\"1\" data-image-meta=\"{&quot;aperture&quot;:&quot;0&quot;,&quot;credit&quot;:&quot;&quot;,&quot;camera&quot;:&quot;&quot;,&quot;caption&quot;:&quot;&quot;,&quot;created_timestamp&quot;:&quot;0&quot;,&quot;copyright&quot;:&quot;&quot;,&quot;focal_length&quot;:&quot;0&quot;,&quot;iso&quot;:&quot;0&quot;,&quot;shutter_speed&quot;:&quot;0&quot;,&quot;title&quot;:&quot;&quot;,&quot;orientation&quot;:&quot;0&quot;}\" data-image-title=\"logo \u00e9glise\" data-image-description=\"\" data-image-caption=\"\" data-large-file=\"https:\/\/i0.wp.com\/eglise-evangeliquedesaintes.com\/wp-content\/uploads\/2020\/08\/logo-eglise.png?fit=500%2C500&amp;ssl=1\" src=\"https:\/\/i0.wp.com\/eglise-evangeliquedesaintes.com\/wp-content\/uploads\/2020\/08\/logo-eglise.png?resize=500%2C500&#038;ssl=1\" alt=\"\" class=\"wp-image-1098\" style=\"width:172px;height:172px\"\/><\/figure>\n\n\n\n<h4 class=\"wp-block-heading\">Fonctionnement de l&rsquo;\u00e9glise locale.<\/h4>\n\n\n\n<p class=\"wp-block-paragraph\" style=\"font-size:18px\">Participer aux frais de fonctionnement, travaux, salaire du pasteur&#8230;<\/p>\n\n\n<div class=\"wp-block-image\">\n<figure class=\"aligncenter size-large coblocks-animate\" data-coblocks-animation=\"slideInLeft\"><img data-recalc-dims=\"1\" loading=\"lazy\" decoding=\"async\" width=\"574\" height=\"496\" data-attachment-id=\"1714\" data-permalink=\"https:\/\/eglise-evangeliquedesaintes.com\/?attachment_id=1714\" data-orig-file=\"https:\/\/i0.wp.com\/eglise-evangeliquedesaintes.com\/wp-content\/uploads\/2021\/05\/rib-eglise-2.png?fit=574%2C496&amp;ssl=1\" data-orig-size=\"574,496\" data-comments-opened=\"1\" data-image-meta=\"{&quot;aperture&quot;:&quot;0&quot;,&quot;credit&quot;:&quot;&quot;,&quot;camera&quot;:&quot;&quot;,&quot;caption&quot;:&quot;&quot;,&quot;created_timestamp&quot;:&quot;0&quot;,&quot;copyright&quot;:&quot;&quot;,&quot;focal_length&quot;:&quot;0&quot;,&quot;iso&quot;:&quot;0&quot;,&quot;shutter_speed&quot;:&quot;0&quot;,&quot;title&quot;:&quot;&quot;,&quot;orientation&quot;:&quot;0&quot;}\" data-image-title=\"rib-eglise-2\" data-image-description=\"\" data-image-caption=\"\" data-large-file=\"https:\/\/i0.wp.com\/eglise-evangeliquedesaintes.com\/wp-content\/uploads\/2021\/05\/rib-eglise-2.png?fit=574%2C496&amp;ssl=1\" src=\"https:\/\/i0.wp.com\/eglise-evangeliquedesaintes.com\/wp-content\/uploads\/2021\/05\/rib-eglise-2.png?resize=574%2C496&#038;ssl=1\" alt=\"\" class=\"wp-image-1714\" srcset=\"https:\/\/i0.wp.com\/eglise-evangeliquedesaintes.com\/wp-content\/uploads\/2021\/05\/rib-eglise-2.png?w=574&amp;ssl=1 574w, https:\/\/i0.wp.com\/eglise-evangeliquedesaintes.com\/wp-content\/uploads\/2021\/05\/rib-eglise-2.png?resize=300%2C259&amp;ssl=1 300w\" sizes=\"auto, (max-width: 574px) 100vw, 574px\" \/><\/figure>\n<\/div><\/div>\n\n\n\n<div class=\"wp-block-jetpack-layout-grid-column wp-block-jetpack-layout-grid__padding-none\">\n<figure class=\"wp-block-image size-large is-resized\"><img data-recalc-dims=\"1\" loading=\"lazy\" decoding=\"async\" width=\"760\" height=\"503\" data-attachment-id=\"1214\" data-permalink=\"https:\/\/eglise-evangeliquedesaintes.com\/?attachment_id=1214\" data-orig-file=\"https:\/\/i0.wp.com\/eglise-evangeliquedesaintes.com\/wp-content\/uploads\/2020\/08\/enfant-africain.jpeg?fit=4928%2C3264&amp;ssl=1\" data-orig-size=\"4928,3264\" data-comments-opened=\"0\" data-image-meta=\"{&quot;aperture&quot;:&quot;4&quot;,&quot;credit&quot;:&quot;Riccardo Niels Mayer - stock.adobe.com&quot;,&quot;camera&quot;:&quot;NIKON D7000&quot;,&quot;caption&quot;:&quot;&quot;,&quot;created_timestamp&quot;:&quot;1474381656&quot;,&quot;copyright&quot;:&quot;\\u00a9Riccardo Niels Mayer - stock.adobe.com&quot;,&quot;focal_length&quot;:&quot;155&quot;,&quot;iso&quot;:&quot;200&quot;,&quot;shutter_speed&quot;:&quot;0.008&quot;,&quot;title&quot;:&quot;Little African Schoolboy Happily Showing Thumb Up!&quot;,&quot;orientation&quot;:&quot;1&quot;}\" data-image-title=\"Little African Schoolboy Happily Showing Thumb Up!\" data-image-description=\"\" data-image-caption=\"\" data-large-file=\"https:\/\/i0.wp.com\/eglise-evangeliquedesaintes.com\/wp-content\/uploads\/2020\/08\/enfant-africain.jpeg?fit=760%2C503&amp;ssl=1\" src=\"https:\/\/i0.wp.com\/eglise-evangeliquedesaintes.com\/wp-content\/uploads\/2020\/08\/enfant-africain.jpeg?resize=760%2C503&#038;ssl=1\" alt=\"\" class=\"wp-image-1214\" style=\"width:272px;height:180px\" srcset=\"https:\/\/i0.wp.com\/eglise-evangeliquedesaintes.com\/wp-content\/uploads\/2020\/08\/enfant-africain.jpeg?resize=1024%2C678&amp;ssl=1 1024w, https:\/\/i0.wp.com\/eglise-evangeliquedesaintes.com\/wp-content\/uploads\/2020\/08\/enfant-africain.jpeg?resize=300%2C199&amp;ssl=1 300w, https:\/\/i0.wp.com\/eglise-evangeliquedesaintes.com\/wp-content\/uploads\/2020\/08\/enfant-africain.jpeg?resize=768%2C509&amp;ssl=1 768w, https:\/\/i0.wp.com\/eglise-evangeliquedesaintes.com\/wp-content\/uploads\/2020\/08\/enfant-africain.jpeg?resize=1536%2C1017&amp;ssl=1 1536w, https:\/\/i0.wp.com\/eglise-evangeliquedesaintes.com\/wp-content\/uploads\/2020\/08\/enfant-africain.jpeg?resize=2048%2C1356&amp;ssl=1 2048w, https:\/\/i0.wp.com\/eglise-evangeliquedesaintes.com\/wp-content\/uploads\/2020\/08\/enfant-africain.jpeg?resize=1200%2C795&amp;ssl=1 1200w, https:\/\/i0.wp.com\/eglise-evangeliquedesaintes.com\/wp-content\/uploads\/2020\/08\/enfant-africain.jpeg?w=2280&amp;ssl=1 2280w\" sizes=\"auto, (max-width: 760px) 100vw, 760px\" \/><\/figure>\n\n\n\n<p class=\"wp-block-paragraph\" style=\"font-size:22px\">Action missionnaire<\/p>\n\n\n\n<p class=\"wp-block-paragraph\" style=\"font-size:18px\">Soutenir les actions \u00e0 l&rsquo;international, tendre la mains en plus d\u00e9munis.                                                                                                                                                                                                   <\/p>\n\n\n<div class=\"wp-block-image is-style-default\">\n<figure class=\"aligncenter size-large coblocks-animate\" data-coblocks-animation=\"slideInRight\"><a href=\"https:\/\/i0.wp.com\/eglise-evangeliquedesaintes.com\/wp-content\/uploads\/2021\/05\/rib-action-missionnaire-2.png?ssl=1\" target=\"_blank\" rel=\"noopener noreferrer\"><img data-recalc-dims=\"1\" loading=\"lazy\" decoding=\"async\" width=\"563\" height=\"516\" data-attachment-id=\"1715\" data-permalink=\"https:\/\/eglise-evangeliquedesaintes.com\/?attachment_id=1715\" data-orig-file=\"https:\/\/i0.wp.com\/eglise-evangeliquedesaintes.com\/wp-content\/uploads\/2021\/05\/rib-action-missionnaire-2.png?fit=563%2C516&amp;ssl=1\" data-orig-size=\"563,516\" data-comments-opened=\"1\" data-image-meta=\"{&quot;aperture&quot;:&quot;0&quot;,&quot;credit&quot;:&quot;&quot;,&quot;camera&quot;:&quot;&quot;,&quot;caption&quot;:&quot;&quot;,&quot;created_timestamp&quot;:&quot;0&quot;,&quot;copyright&quot;:&quot;&quot;,&quot;focal_length&quot;:&quot;0&quot;,&quot;iso&quot;:&quot;0&quot;,&quot;shutter_speed&quot;:&quot;0&quot;,&quot;title&quot;:&quot;&quot;,&quot;orientation&quot;:&quot;0&quot;}\" data-image-title=\"rib-action-missionnaire-2\" data-image-description=\"\" data-image-caption=\"\" data-large-file=\"https:\/\/i0.wp.com\/eglise-evangeliquedesaintes.com\/wp-content\/uploads\/2021\/05\/rib-action-missionnaire-2.png?fit=563%2C516&amp;ssl=1\" src=\"https:\/\/i0.wp.com\/eglise-evangeliquedesaintes.com\/wp-content\/uploads\/2021\/05\/rib-action-missionnaire-2.png?resize=563%2C516&#038;ssl=1\" alt=\"\" class=\"wp-image-1715\" srcset=\"https:\/\/i0.wp.com\/eglise-evangeliquedesaintes.com\/wp-content\/uploads\/2021\/05\/rib-action-missionnaire-2.png?w=563&amp;ssl=1 563w, https:\/\/i0.wp.com\/eglise-evangeliquedesaintes.com\/wp-content\/uploads\/2021\/05\/rib-action-missionnaire-2.png?resize=300%2C275&amp;ssl=1 300w\" sizes=\"auto, (max-width: 563px) 100vw, 563px\" \/><\/a><\/figure>\n<\/div>\n\n\n<p class=\"wp-block-paragraph\"><\/p>\n<\/div>\n\n\n\n<div class=\"wp-block-jetpack-layout-grid-column wp-block-jetpack-layout-grid__padding-large\">\n<figure class=\"wp-block-image size-large is-resized\"><img data-recalc-dims=\"1\" loading=\"lazy\" decoding=\"async\" width=\"760\" height=\"517\" data-attachment-id=\"693\" data-permalink=\"https:\/\/eglise-evangeliquedesaintes.com\/?attachment_id=693\" data-orig-file=\"https:\/\/i0.wp.com\/eglise-evangeliquedesaintes.com\/wp-content\/uploads\/2019\/11\/image1.png?fit=799%2C544&amp;ssl=1\" data-orig-size=\"799,544\" data-comments-opened=\"1\" data-image-meta=\"{&quot;aperture&quot;:&quot;0&quot;,&quot;credit&quot;:&quot;&quot;,&quot;camera&quot;:&quot;&quot;,&quot;caption&quot;:&quot;&quot;,&quot;created_timestamp&quot;:&quot;0&quot;,&quot;copyright&quot;:&quot;&quot;,&quot;focal_length&quot;:&quot;0&quot;,&quot;iso&quot;:&quot;0&quot;,&quot;shutter_speed&quot;:&quot;0&quot;,&quot;title&quot;:&quot;&quot;,&quot;orientation&quot;:&quot;0&quot;}\" data-image-title=\"Image1\" data-image-description=\"\" data-image-caption=\"\" data-large-file=\"https:\/\/i0.wp.com\/eglise-evangeliquedesaintes.com\/wp-content\/uploads\/2019\/11\/image1.png?fit=760%2C517&amp;ssl=1\" src=\"https:\/\/i0.wp.com\/eglise-evangeliquedesaintes.com\/wp-content\/uploads\/2019\/11\/image1.png?resize=760%2C517&#038;ssl=1\" alt=\"\" class=\"wp-image-693\" style=\"width:267px;height:181px\"\/><\/figure>\n\n\n\n<h4 class=\"wp-block-heading\">Solidarit\u00e9 locale<\/h4>\n\n\n\n<p class=\"wp-block-paragraph\" style=\"font-size:18px\">Aider financi\u00e8rement les familles ou personnes seules en situation difficiles.<\/p>\n\n\n<div class=\"wp-block-image\">\n<figure class=\"aligncenter size-large coblocks-animate\" data-coblocks-animation=\"slideInLeft\"><a href=\"https:\/\/i0.wp.com\/eglise-evangeliquedesaintes.com\/wp-content\/uploads\/2024\/02\/RIB-SOLIDARITE-NOUVEAU.png?ssl=1\" target=\"_blank\" rel=\"noopener noreferrer\"><img data-recalc-dims=\"1\" loading=\"lazy\" decoding=\"async\" width=\"760\" height=\"570\" data-attachment-id=\"2672\" data-permalink=\"https:\/\/eglise-evangeliquedesaintes.com\/?attachment_id=2672\" data-orig-file=\"https:\/\/i0.wp.com\/eglise-evangeliquedesaintes.com\/wp-content\/uploads\/2024\/02\/RIB-SOLIDARITE-NOUVEAU.png?fit=1920%2C1440&amp;ssl=1\" data-orig-size=\"1920,1440\" data-comments-opened=\"1\" data-image-meta=\"{&quot;aperture&quot;:&quot;0&quot;,&quot;credit&quot;:&quot;&quot;,&quot;camera&quot;:&quot;&quot;,&quot;caption&quot;:&quot;&quot;,&quot;created_timestamp&quot;:&quot;0&quot;,&quot;copyright&quot;:&quot;&quot;,&quot;focal_length&quot;:&quot;0&quot;,&quot;iso&quot;:&quot;0&quot;,&quot;shutter_speed&quot;:&quot;0&quot;,&quot;title&quot;:&quot;&quot;,&quot;orientation&quot;:&quot;0&quot;}\" data-image-title=\"RIB SOLIDARITE NOUVEAU\" data-image-description=\"\" data-image-caption=\"\" data-large-file=\"https:\/\/i0.wp.com\/eglise-evangeliquedesaintes.com\/wp-content\/uploads\/2024\/02\/RIB-SOLIDARITE-NOUVEAU.png?fit=760%2C570&amp;ssl=1\" src=\"https:\/\/i0.wp.com\/eglise-evangeliquedesaintes.com\/wp-content\/uploads\/2024\/02\/RIB-SOLIDARITE-NOUVEAU.png?resize=760%2C570&#038;ssl=1\" alt=\"\" class=\"wp-image-2672\" srcset=\"https:\/\/i0.wp.com\/eglise-evangeliquedesaintes.com\/wp-content\/uploads\/2024\/02\/RIB-SOLIDARITE-NOUVEAU.png?resize=1024%2C768&amp;ssl=1 1024w, https:\/\/i0.wp.com\/eglise-evangeliquedesaintes.com\/wp-content\/uploads\/2024\/02\/RIB-SOLIDARITE-NOUVEAU.png?resize=300%2C225&amp;ssl=1 300w, https:\/\/i0.wp.com\/eglise-evangeliquedesaintes.com\/wp-content\/uploads\/2024\/02\/RIB-SOLIDARITE-NOUVEAU.png?resize=768%2C576&amp;ssl=1 768w, https:\/\/i0.wp.com\/eglise-evangeliquedesaintes.com\/wp-content\/uploads\/2024\/02\/RIB-SOLIDARITE-NOUVEAU.png?resize=1536%2C1152&amp;ssl=1 1536w, https:\/\/i0.wp.com\/eglise-evangeliquedesaintes.com\/wp-content\/uploads\/2024\/02\/RIB-SOLIDARITE-NOUVEAU.png?resize=1200%2C900&amp;ssl=1 1200w, https:\/\/i0.wp.com\/eglise-evangeliquedesaintes.com\/wp-content\/uploads\/2024\/02\/RIB-SOLIDARITE-NOUVEAU.png?resize=800%2C600&amp;ssl=1 800w, https:\/\/i0.wp.com\/eglise-evangeliquedesaintes.com\/wp-content\/uploads\/2024\/02\/RIB-SOLIDARITE-NOUVEAU.png?resize=600%2C450&amp;ssl=1 600w, https:\/\/i0.wp.com\/eglise-evangeliquedesaintes.com\/wp-content\/uploads\/2024\/02\/RIB-SOLIDARITE-NOUVEAU.png?resize=400%2C300&amp;ssl=1 400w, https:\/\/i0.wp.com\/eglise-evangeliquedesaintes.com\/wp-content\/uploads\/2024\/02\/RIB-SOLIDARITE-NOUVEAU.png?resize=200%2C150&amp;ssl=1 200w, https:\/\/i0.wp.com\/eglise-evangeliquedesaintes.com\/wp-content\/uploads\/2024\/02\/RIB-SOLIDARITE-NOUVEAU.png?w=1920&amp;ssl=1 1920w\" sizes=\"auto, (max-width: 760px) 100vw, 760px\" \/><\/a><\/figure>\n<\/div><\/div>\n\n\n\n<div class=\"wp-block-jetpack-layout-grid-column wp-block-jetpack-layout-grid__padding-none\"><div class=\"wp-block-image is-style-default\">\n<figure class=\"aligncenter size-large is-resized mb-0 mt-0 has-lightbox\"><img data-recalc-dims=\"1\" loading=\"lazy\" decoding=\"async\" width=\"760\" height=\"507\" data-attachment-id=\"1256\" data-permalink=\"https:\/\/eglise-evangeliquedesaintes.com\/?attachment_id=1256\" data-orig-file=\"https:\/\/i0.wp.com\/eglise-evangeliquedesaintes.com\/wp-content\/uploads\/2020\/08\/AdobeStock_94322855-1.jpeg?fit=5653%2C3769&amp;ssl=1\" data-orig-size=\"5653,3769\" data-comments-opened=\"0\" data-image-meta=\"{&quot;aperture&quot;:&quot;5.6&quot;,&quot;credit&quot;:&quot;135pixels - stock.adobe.com&quot;,&quot;camera&quot;:&quot;Canon EOS 5D Mark III&quot;,&quot;caption&quot;:&quot;Supportive housing or food donation for poor&quot;,&quot;created_timestamp&quot;:&quot;1445771137&quot;,&quot;copyright&quot;:&quot;\\u00a9135pixels - stock.adobe.com&quot;,&quot;focal_length&quot;:&quot;100&quot;,&quot;iso&quot;:&quot;100&quot;,&quot;shutter_speed&quot;:&quot;0.00625&quot;,&quot;title&quot;:&quot;Food Safety&quot;,&quot;orientation&quot;:&quot;0&quot;}\" data-image-title=\"Food Safety\" data-image-description=\"\" data-image-caption=\"&lt;p&gt;Supportive housing or food donation for poor&lt;\/p&gt;\n\" data-large-file=\"https:\/\/i0.wp.com\/eglise-evangeliquedesaintes.com\/wp-content\/uploads\/2020\/08\/AdobeStock_94322855-1.jpeg?fit=760%2C507&amp;ssl=1\" src=\"https:\/\/i0.wp.com\/eglise-evangeliquedesaintes.com\/wp-content\/uploads\/2020\/08\/AdobeStock_94322855-1.jpeg?resize=760%2C507&#038;ssl=1\" alt=\"\" class=\"wp-image-1256\" style=\"width:262px;height:174px\" srcset=\"https:\/\/i0.wp.com\/eglise-evangeliquedesaintes.com\/wp-content\/uploads\/2020\/08\/AdobeStock_94322855-1.jpeg?resize=1024%2C683&amp;ssl=1 1024w, https:\/\/i0.wp.com\/eglise-evangeliquedesaintes.com\/wp-content\/uploads\/2020\/08\/AdobeStock_94322855-1.jpeg?resize=300%2C200&amp;ssl=1 300w, https:\/\/i0.wp.com\/eglise-evangeliquedesaintes.com\/wp-content\/uploads\/2020\/08\/AdobeStock_94322855-1.jpeg?resize=768%2C512&amp;ssl=1 768w, https:\/\/i0.wp.com\/eglise-evangeliquedesaintes.com\/wp-content\/uploads\/2020\/08\/AdobeStock_94322855-1.jpeg?resize=1536%2C1024&amp;ssl=1 1536w, https:\/\/i0.wp.com\/eglise-evangeliquedesaintes.com\/wp-content\/uploads\/2020\/08\/AdobeStock_94322855-1.jpeg?resize=2048%2C1365&amp;ssl=1 2048w, https:\/\/i0.wp.com\/eglise-evangeliquedesaintes.com\/wp-content\/uploads\/2020\/08\/AdobeStock_94322855-1.jpeg?resize=1200%2C800&amp;ssl=1 1200w, https:\/\/i0.wp.com\/eglise-evangeliquedesaintes.com\/wp-content\/uploads\/2020\/08\/AdobeStock_94322855-1.jpeg?w=2280&amp;ssl=1 2280w\" sizes=\"auto, (max-width: 760px) 100vw, 760px\" \/><\/figure>\n<\/div>\n\n\n<h4 class=\"wp-block-heading\">R\u00e9serve alimentaire <\/h4>\n\n\n\n<p class=\"wp-block-paragraph\" style=\"font-size:18px\">Voici la liste des besoins pour la r\u00e9serve alimentaire \u00e0 destinations des personnes en difficult\u00e9 financi\u00e8re<\/p>\n\n\n\n<figure class=\"wp-block-image size-large\"><a href=\"https:\/\/i0.wp.com\/eglise-evangeliquedesaintes.com\/wp-content\/uploads\/2020\/06\/diapositive1.jpg?ssl=1\" target=\"_blank\" rel=\"noopener noreferrer\"><img data-recalc-dims=\"1\" loading=\"lazy\" decoding=\"async\" width=\"737\" height=\"975\" data-attachment-id=\"1036\" data-permalink=\"https:\/\/eglise-evangeliquedesaintes.com\/?attachment_id=1036\" data-orig-file=\"https:\/\/i0.wp.com\/eglise-evangeliquedesaintes.com\/wp-content\/uploads\/2020\/06\/diapositive1.jpg?fit=737%2C975&amp;ssl=1\" data-orig-size=\"737,975\" data-comments-opened=\"1\" data-image-meta=\"{&quot;aperture&quot;:&quot;0&quot;,&quot;credit&quot;:&quot;&quot;,&quot;camera&quot;:&quot;&quot;,&quot;caption&quot;:&quot;&quot;,&quot;created_timestamp&quot;:&quot;0&quot;,&quot;copyright&quot;:&quot;&quot;,&quot;focal_length&quot;:&quot;0&quot;,&quot;iso&quot;:&quot;0&quot;,&quot;shutter_speed&quot;:&quot;0&quot;,&quot;title&quot;:&quot;&quot;,&quot;orientation&quot;:&quot;0&quot;}\" data-image-title=\"diapositive1\" data-image-description=\"\" data-image-caption=\"\" data-large-file=\"https:\/\/i0.wp.com\/eglise-evangeliquedesaintes.com\/wp-content\/uploads\/2020\/06\/diapositive1.jpg?fit=737%2C975&amp;ssl=1\" src=\"https:\/\/i0.wp.com\/eglise-evangeliquedesaintes.com\/wp-content\/uploads\/2020\/06\/diapositive1.jpg?resize=737%2C975&#038;ssl=1\" alt=\"\" class=\"wp-image-1036\"\/><\/a><figcaption class=\"wp-element-caption\"><strong>Cliquez sur le texte pour l&rsquo;agrandir<\/strong><\/figcaption><\/figure>\n<\/div>\n<\/div>\n<\/div><\/div>\n<\/div><\/div>\n\n\n\n<div class=\"wp-block-media-text alignwide is-stacked-on-mobile\" style=\"grid-template-columns:26% auto\"><figure class=\"wp-block-media-text__media\"><img data-recalc-dims=\"1\" loading=\"lazy\" decoding=\"async\" width=\"600\" height=\"660\" data-attachment-id=\"1574\" data-permalink=\"https:\/\/eglise-evangeliquedesaintes.com\/?attachment_id=1574\" data-orig-file=\"https:\/\/i0.wp.com\/eglise-evangeliquedesaintes.com\/wp-content\/uploads\/2021\/01\/qrcode.png?fit=600%2C660&amp;ssl=1\" data-orig-size=\"600,660\" data-comments-opened=\"1\" data-image-meta=\"{&quot;aperture&quot;:&quot;0&quot;,&quot;credit&quot;:&quot;&quot;,&quot;camera&quot;:&quot;&quot;,&quot;caption&quot;:&quot;&quot;,&quot;created_timestamp&quot;:&quot;0&quot;,&quot;copyright&quot;:&quot;&quot;,&quot;focal_length&quot;:&quot;0&quot;,&quot;iso&quot;:&quot;0&quot;,&quot;shutter_speed&quot;:&quot;0&quot;,&quot;title&quot;:&quot;&quot;,&quot;orientation&quot;:&quot;0&quot;}\" data-image-title=\"qrcode\" data-image-description=\"\" data-image-caption=\"\" data-large-file=\"https:\/\/i0.wp.com\/eglise-evangeliquedesaintes.com\/wp-content\/uploads\/2021\/01\/qrcode.png?fit=600%2C660&amp;ssl=1\" src=\"https:\/\/i0.wp.com\/eglise-evangeliquedesaintes.com\/wp-content\/uploads\/2021\/01\/qrcode.png?resize=600%2C660&#038;ssl=1\" alt=\"\" class=\"wp-image-1574 size-full\" srcset=\"https:\/\/i0.wp.com\/eglise-evangeliquedesaintes.com\/wp-content\/uploads\/2021\/01\/qrcode.png?w=600&amp;ssl=1 600w, https:\/\/i0.wp.com\/eglise-evangeliquedesaintes.com\/wp-content\/uploads\/2021\/01\/qrcode.png?resize=273%2C300&amp;ssl=1 273w\" sizes=\"auto, (max-width: 600px) 100vw, 600px\" \/><\/figure><div class=\"wp-block-media-text__content\">\n<p class=\"has-large-font-size wp-block-paragraph\">Vous souhaitez soutenir nos actions ?<\/p>\n\n\n\n<p class=\"wp-block-paragraph\">Rien de plus simple, flashez et suivez le guide !<\/p>\n\n\n\n<p class=\"wp-block-paragraph\">La bonne nouvelle, vos dons sont d\u00e9ductibles de vos imp\u00f4ts .<\/p>\n<\/div><\/div>\n\n\n\n<p class=\"wp-block-paragraph\"><\/p>\n","protected":false},"excerpt":{"rendered":"<p>L&rsquo;Eglise est un lieu de partage spirituel mais \u00e9galement humanitaire. Nous avons besoins de vous pour soutenir les 4 aspects pr\u00e9sent\u00e9s ici. VOS DONS SONT&hellip; <\/p>\n<p><a href=\"https:\/\/eglise-evangeliquedesaintes.com\/?page_id=1220\" class=\"more-link\">Lire la suite &rarr; <span class=\"screen-reader-text\">Soutenir nos actions<\/span><\/a><\/p>\n","protected":false},"author":131446806,"featured_media":0,"parent":0,"menu_order":0,"comment_status":"closed","ping_status":"closed","template":"templates\/full-width.php","meta":{"_coblocks_attr":"","_coblocks_dimensions":"","_coblocks_responsive_height":"","_coblocks_accordion_ie_support":"","_crdt_document":"","advanced_seo_description":"soutien financier","jetpack_seo_html_title":"","jetpack_seo_noindex":false,"footnotes":""},"class_list":["post-1220","page","type-page","status-publish","hentry"],"jetpack_likes_enabled":false,"jetpack_sharing_enabled":true,"jetpack_shortlink":"https:\/\/wp.me\/P9J11m-jG","amp_enabled":true,"_links":{"self":[{"href":"https:\/\/eglise-evangeliquedesaintes.com\/index.php?rest_route=\/wp\/v2\/pages\/1220","targetHints":{"allow":["GET"]}}],"collection":[{"href":"https:\/\/eglise-evangeliquedesaintes.com\/index.php?rest_route=\/wp\/v2\/pages"}],"about":[{"href":"https:\/\/eglise-evangeliquedesaintes.com\/index.php?rest_route=\/wp\/v2\/types\/page"}],"author":[{"embeddable":true,"href":"https:\/\/eglise-evangeliquedesaintes.com\/index.php?rest_route=\/wp\/v2\/users\/131446806"}],"replies":[{"embeddable":true,"href":"https:\/\/eglise-evangeliquedesaintes.com\/index.php?rest_route=%2Fwp%2Fv2%2Fcomments&post=1220"}],"version-history":[{"count":57,"href":"https:\/\/eglise-evangeliquedesaintes.com\/index.php?rest_route=\/wp\/v2\/pages\/1220\/revisions"}],"predecessor-version":[{"id":2673,"href":"https:\/\/eglise-evangeliquedesaintes.com\/index.php?rest_route=\/wp\/v2\/pages\/1220\/revisions\/2673"}],"wp:attachment":[{"href":"https:\/\/eglise-evangeliquedesaintes.com\/index.php?rest_route=%2Fwp%2Fv2%2Fmedia&parent=1220"}],"curies":[{"name":"wp","href":"https:\/\/api.w.org\/{rel}","templated":true}]}}